True
Is 33 a factor of 21116?
False
Does 123 divide 5031?
False
Does 39 divide 3589?
False
Is 500 a multiple of 50?
True
Is 22 a factor of 154?
True
Does 31 divide 1156?
False
Is 6 a factor of 2850?
True
Is 14212 a multiple of 44?
True
Is 21 a factor of 420?
True
Does 272 divide 57028?
False
Is 5936 a multiple of 8?
True
Is 13 a factor of 2423?
False
Is 34 a factor of 503?
False
Is 5 a factor of 14679?
False
Does 182 divide 63897?
False
Is 542 a multiple of 2?
True
Does 23 divide 46?
True
Is 57 a factor of 3295?
False
Does 71 divide 386?
False
Is 11 a factor of 217?
False
Does 68 divide 8500?
True
Does 22 divide 2926?
True
Does 26 divide 130?
True
Is 117 a factor of 13806?
True
Is 13 a factor of 50367?
False
Is 107 a factor of 53607?
True
Does 36 divide 936?
True
Does 18 divide 72?
True
Does 41 divide 83320?
False
Is 8 a factor of 6198?
False
Is 45769 a multiple of 7?
False
Does 103 divide 4017?
True
Is 6804 a multiple of 21?
True
Is 6 a factor of 664?
False
Is 565 a multiple of 5?
True
Is 3762 a multiple of 15?
False
Is 26 a factor of 832?
True
Is 7005 a multiple of 21?
False
Is 7 a factor of 1024?
False
Is 9 a factor of 5715?
True
Is 20501 a multiple of 79?
False
Is 66 a factor of 11074?
False
Is 35 a multiple of 5?
True
Is 175 a multiple of 7?
True
Does 72 divide 3174?
False
Does 15 divide 6497?
False
Is 504 a multiple of 71?
False
Is 135 a factor of 3748?
False
Is 22 a factor of 1012?
True
Is 53 a factor of 1961?
True
Is 23 a factor of 23207?
True
Does 20 divide 1020?
True
Is 6511 a multiple of 5?
False
Is 4076 a multiple of 5?
False
Is 54 a factor of 4262?
False
Is 13 a factor of 1221?
False
Is 46 a factor of 1472?
True
Does 27 divide 64540?
False
Is 230 a factor of 26450?
True
Is 19866 a multiple of 77?
True
Is 17 a factor of 1105?
True
Is 96 a factor of 19008?
True
Does 19 divide 13439?
False
Is 260 a multiple of 5?
True
Does 45 divide 852?
False
Does 85 divide 28137?
False
Is 159 a multiple of 3?
True
Does 30 divide 3630?
True
Does 9 divide 3660?
False
Is 162 a factor of 35478?
True
Does 54 divide 2227?
False
Is 23 a factor of 46?
True
Does 10 divide 2058?
False
Does 10 divide 554?
False
Is 1591 a multiple of 9?
False
Does 77 divide 231?
True
Is 91 a factor of 71912?
False
Is 49 a factor of 4116?
True
Is 1080 a multiple of 12?
True
Does 22 divide 1028?
False
Does 116 divide 37046?
False
Does 13 divide 62855?
True
Is 4777 a multiple of 116?
False
Is 50515 a multiple of 127?
False
Is 22843 a multiple of 53?
True
Is 17 a factor of 8976?
True
Is 6 a factor of 5346?
True
Is 1305 even?
False
Does 71 divide 9462?
False
Is 137 a factor of 32421?
False
Does 6 divide 372?
True
Is 351 a multiple of 42?
False
Does 36 divide 69205?
False
Does 10 divide 264?
False
Is 2409 a multiple of 33?
True
Does 34 divide 35671?
False
Is 544 a multiple of 8?
True
Is 558 a multiple of 31?
True
Is 759 a multiple of 69?
True
Is 1377 a multiple of 3?
True
Does 6 divide 166?
False
Is 217 a factor of 36022?
True
Does 14 divide 106380?
False
Is 27 a factor of 9072?
True
Is 11074 a multiple of 49?
True
Is 7000 a multiple of 14?
True
Is 699 a multiple of 5?
False
Does 200 divide 21400?
True
Does 19 divide 2572?
False
Does 9 divide 211?
False
Is 671 a multiple of 61?
True
Is 384 a multiple of 48?
True
Is 9360 a multiple of 6?
True
Is 2 a factor of 127?
False
Is 5 a factor of 250?
True
Is 20 a factor of 53051?
False
Is 50 a factor of 1900?
True
Is 25 a factor of 2628?
False
Is 2 a factor of 34?
True
Is 20 a factor of 1840?
True
Is 1980 a multiple of 32?
False
Is 38918 a multiple of 161?
False
Is 18537 a multiple of 15?
False
Is 30 a factor of 1290?
True
Is 12 a factor of 41644?
False
Is 20 a factor of 200?
True
Does 182 divide 169347?
False
Does 12 divide 1885?
False
Is 164 a factor of 492?
True
Does 26 divide 936?
True
Does 6 divide 435?
False
Does 19 divide 4612?
False
Does 25 divide 100?
True
Does 11 divide 3718?
True
Does 300 divide 31800?
True
Is 17370 a multiple of 45?
True
Does 5 divide 482?
False
Is 22 a factor of 33078?
False
Is 159 a factor of 52788?
True
Is 33891 a multiple of 13?
True
Is 2394 a multiple of 63?
True
Is 191 a factor of 18336?
True
Does 13 divide 28587?
True
Is 30 a factor of 7500?
True
Is 16 a factor of 1520?
True
Is 136 a factor of 24441?
False
Is 801 a multiple of 29?
False
Does 9 divide 6391?
False
Is 108 a multiple of 9?
True
Does 178 divide 85245?
False
Is 2368 a multiple of 5?
False
Is 3244 a multiple of 11?
False
Is 546 a multiple of 38?
False
Is 3 a factor of 17898?
True
Is 14541 a multiple of 117?
False
Is 10158 a multiple of 47?
False
Is 3297 a multiple of 18?
False
Is 5382 a multiple of 29?
False
Is 14816 a multiple of 32?
True
Is 88 a factor of 4136?
True
Is 1545 a multiple of 10?
False
Is 1045 a multiple of 55?
True
Is 998 a multiple of 44?
False
Is 7450 a multiple of 50?
True
Is 103 a factor of 10094?
True
Is 57 a factor of 570?
True
Does 3 divide 1080?
True
Does 99 divide 1393?
False
Is 66 a multiple of 66?
True
Is 551 a multiple of 14?
False
Does 2 divide 3?
False
Does 18 divide 280?
False
Does 9 divide 36?
True
Is 14 a factor of 605?
False
Does 21 divide 23321?
False
Does 89 divide 2986?
False
Is 14475 a multiple of 25?
True
Is 9 a factor of 19160?
False
Does 19 divide 19418?
True
Does 6 divide 1398?
True
Is 2852 a multiple of 21?
False
Does 11 divide 351?
False
Is 17116 a multiple of 43?
False
Does 35 divide 6160?
True
Does 38 divide 1330?
True
Does 13 divide 57856?
False
Does 10 divide 20?
True
Is 21 a factor of 2163?
True
Is 2568 a multiple of 12?
True
Does 14 divide 2156?
True
Does 36 divide 1476?
True
Does 89 divide 1602?
True
Does 30 divide 342?
False
Is 41 a multiple of 7?
False
Is 672 a multiple of 48?
True
Is 18520 a multiple of 20?
True
Does 50 divide 12219?
False
Is 37579 a multiple of 183?
False
Is 227 a multiple of 4?
False
Is 26 a factor of 120654?
False
Does 110 divide 4243?
False
Does 12 divide 6600?
True
Is 12 a factor of 682?
False
Is 22 a factor of 30140?
True
Is 12 a factor of 13430?
False
Is 15 a factor of 1185?
True
Is 4 a factor of 288?
True
Is 166 a factor of 110568?
False
Is 35295 a multiple of 36?
False
Is 14 a factor of 1344?
True
Does 106 divide 81832?
True
Does 21 divide 29551?
False
Is 341 a multiple of 3?
False
Is 936 a multiple of 3?
True
Does 7 divide 60?
False
Is 1629 a multiple of 6?
False
Does 31 divide 256?
False
Does 35 divide 14781?
False
Does 4 divide 420?
True
Is 15 a factor of 4650?
True
Is 340 a multiple of 34?
True
Does 2 divide 137?
False
Is 1020 a multiple of 60?
True
Does 32 divide 640?
True
Is 13 a factor of 511?
False
Is 18726 a multiple of 74?
False
Is 2149 a multiple of 47?
False
Does 5 divide 460?
True
Does 42 divide 14220?
False
Is 615 a multiple of 79?
False
Does 14 divide 221?
False
Is 672 a multiple of 84?
True
Is 7 a factor of 11536?
True
Is 90 a factor of 40872?
False
Is 18 a factor of 396?
True
Is 100 a factor of 6500?
True
Is 20020 a multiple of 140?
True
Is 34 a factor of 30636?
False
Does 11 divide 4689?
False
Is 28 a factor of 11969?
False
Is 707 a multiple of 6?
False
Does 18 divide 15840?
True
Is 15855 a multiple of 15?
True
Is 17 a factor of 3434?
True
Is 23 a factor of 115?
True
Is 15675 a multiple of 75?
True
Does 235 divide 22456?
False
Does 77 divide 770?
True
Is 6902 a multiple of 58?
True
Is 20 a factor of 820?
True
Is 12 a factor of 888?
True
Is 2431 a multiple of 13?
True
Is 61102 a multiple of 12?
False
Is 1113 a multiple of 3?
True
Is 24 a factor of 181?
False
Is 59 a factor of 219?
False
Does 179 divide 32743?
False
Is 12691 a multiple of 33?
False
Is 756 a multiple of 7?
True
Is 17009 a multiple of 97?
False
Does 10 divide 1231?
False
Does 2 divide 66?
True
Does 10 divide 574?
False
Is 4983 a multiple of 22?
False
Is 86 a factor of 1806?
True
Is 33 a factor of 1813?
False
Is 930 a multiple of 30?
True
Does 14 divide 38305?
False
Is 14 a factor of 125357?
False
Is 4140 a multiple of 69?
True
Is 1110 a multiple of 37?
True
Does 148 divide 21643?
False
Does 32 divide 1543?
False
Is 580 a multiple of 4?
True
Is 192 a factor of 125539?
False
Does 9 divide 183?
False
Is 67896 a multiple of 8?
True
Is 14701 a multiple of 11?
False
Is 285 a factor of 59583?
False
Is 5429 a multiple of 42?
False
Does 32 divide 10381?
False
Does 8 divide 2671?
False
Is 11 a 